ite?
False
Is 25527023 a prime number?
True
Is 652901 a composite number?
True
Is 1922209 composite?
False
Is 2565911 a prime number?
False
Is 89814421 a prime number?
False
Is 3906059 a prime number?
True
Is 176174533 prime?
True
Is 106638571 prime?
False
Is 581573 prime?
True
Is 484088597 composite?
False
Is 4815913 prime?
False
Is 2062721 a prime number?
True
Is 13654411 composite?
True
Is 18752957 prime?
True
Is 475771 composite?
True
Is 10989647 a prime number?
False
Is 28041337 composite?
True
Is 18698 composite?
True
Is 7179547 composite?
False
Is 711437701 prime?
False
Is 91685377 prime?
False
Is 1656301 a composite number?
False
Is 304044173 composite?
True
Is 110262541 a prime number?
True
Is 595869 composite?
True
Is 1953877 prime?
False
Is 3325901 composite?
False
Is 6444827 prime?
True
Is 171968469 a prime number?
False
Is 32303597 a prime number?
True
Is 4747287 prime?
False
Is 5560301 composite?
False
Is 449750887 prime?
True
Is 1342799 a prime number?
True
Is 13081409 a composite number?
True
Is 4340659 a prime number?
True
Is 49916381 a composite number?
False
Is 1613279 a prime number?
True
Is 730174771 prime?
False
Is 26482135 a prime number?
False
Is 12533197 composite?
False
Is 11579 a prime number?
True
Is 24119471 a prime number?
False
Is 14631731 prime?
False
Is 2249281 a composite number?
False
Is 93439393 prime?
False
Is 19966189 prime?
False
Is 406195 a composite number?
True
Is 134311 a composite number?
True
Is 1662833 a composite number?
False
Is 23215715 prime?
False
Is 94897 a composite number?
True
Is 15330857 a prime number?
False
Is 38626579 a prime number?
False
Is 6570569 composite?
True
Is 16419091 composite?
True
Is 8466973 a composite number?
True
Is 31316809 prime?
True
Is 151122073 a prime number?
True
Is 1988149 composite?
True
Is 7844773 composite?
False
Is 397619413 prime?
True
Is 32005847 prime?
False
Is 7766729 composite?
False
Is 181157 composite?
False
Is 6521849 prime?
False
Is 13000973 a composite number?
False
Is 11510239 prime?
False
Is 5857699 prime?
True
Is 11938919 a composite number?
False
Is 2221693 a composite number?
True
Is 105997 composite?
False
Is 78629 composite?
True
Is 6925421 a prime number?
True
Is 145304921 prime?
True
Is 89449373 prime?
False
Is 170534929 a prime number?
False
Is 4126357 a composite number?
True
Is 113117971 prime?
True
Is 982819 a prime number?
True
Is 31991731 a prime number?
True
Is 231221429 a composite number?
True
Is 18106157 a prime number?
True
Is 32643911 a composite number?
True
Is 84753553 prime?
False
Is 5796067 composite?
True
Is 2521711 a prime number?
True
Is 735901 composite?
False
Is 14650682 a composite number?
True
Is 553837 a composite number?
False
Is 42804341 a prime number?
True
Is 1886069 prime?
False
Is 70099511 prime?
False
Is 38450473 prime?
False
Is 424409 a prime number?
False
Is 5033167 a composite number?
False
Is 23126161 a composite number?
False
Is 56854571 a prime number?
True
Is 44633003 a composite number?
True
Is 130626787 composite?
False
Is 107341786 composite?
True
Is 13201633 prime?
True
Is 36022549 a composite number?
True
Is 997643557 a composite number?
False
Is 42224155 prime?
False
Is 14445911 a prime number?
True
Is 11186179 a prime number?
False
Is 3893471 a composite number?
False
Is 3426811 prime?
True
Is 66803689 a prime number?
True
Is 690341 composite?
False
Is 41326573 prime?
False
Is 719343683 a prime number?
True
Is 2458661 composite?
False
Is 126398891 prime?
True
Is 273881 a composite number?
False
Is 78805361 a composite number?
False
Is 129917 a composite number?
False
Is 220858763 prime?
True
Is 100001651 a prime number?
True
Is 36418127 composite?
True
Is 129923371 prime?
True
Is 306330197 a composite number?
False
Is 391613 a composite number?
False
Is 173623693 composite?
False
Is 2473663 a composite number?
False
Is 56878 a prime number?
False
Is 42147899 prime?
False
Is 861449 a prime number?
False
Is 102381329 prime?
False
Is 8324573 prime?
False
Is 10418729 composite?
True
Is 84173941 prime?
True
Is 93946111 prime?
False
Is 114157 prime?
True
Is 280109 prime?
False
Is 6710723 prime?
True
Is 84139 prime?
False
Is 135028187 a composite number?
True
Is 135501859 a prime number?
True
Is 34260493 composite?
False
Is 188273 prime?
True
Is 341813 composite?
False
Is 424901 prime?
False
Is 30834431 a composite number?
True
Is 158636633 a composite number?
False
Is 27320281 a composite number?
True
Is 275087 a composite number?
False
Is 35062757 a prime number?
True
Is 1447379 a prime number?
True
Is 23297133 composite?
True
Is 47598277 a composite number?
False
Is 508009 prime?
True
Is 45763777 a prime number?
True
Is 4708987 a prime number?
False
Is 2294417 a composite number?
True
Is 20968949 a composite number?
False
Is 7985711 composite?
False
Is 1165579 prime?
True
Is 5162981 prime?
True
Is 49575521 prime?
False
Is 1859434 a prime number?
False
Is 3754339 a prime number?
False
Is 8927657 a prime number?
False
Is 1775299 a composite number?
True
Is 873227 prime?
False
Is 2086131 composite?
True
Is 242344283 prime?
False
Is 3058267 a composite number?
False
Is 3208627 composite?
True
Is 413209 composite?
True
Is 13828247 a prime number?
True
Is 27601 prime?
False
Is 412096621 a composite number?
True
Is 1731167 a composite number?
False
Is 19318837 a prime number?
True
Is 504325691 composite?
False
Is 20350369 prime?
False
Is 11356199 a prime number?
False
Is 31948181 composite?
True
Is 200689 a composite number?
False
Is 304349 prime?
True
Is 318265573 composite?
False
Is 183321773 a composite number?
False
Is 4397353 composite?
False
Is 19664933 prime?
False
Is 1898681 a composite number?
False
Is 41751595 composite?
True
Is 1597129 composite?
False
Is 892733 a composite number?
False
Is 54025561 a prime number?
True
Is 398754821 prime?
False
Is 439265 a composite number?
True
Is 6057913 prime?
False
Is 12485533 a composite number?
False
Is 298777031 a prime number?
False
Is 583065991 prime?
True
Is 5478611 composite?
False
Is 3312398 a prime number?
False
Is 31987601 a composite number?
False
Is 31401421 composite?
True
Is 72369547 a composite number?
False
Is 15286109 a composite number?
False
Is 45791 a prime number?
False
Is 9102547 a composite number?
False
Is 103086843 composite?
True
Is 14130353 composite?
True
Is 982903 a composite number?
False
Is 5414741 a composite number?
False
Is 13797599 a prime number?
True
Is 28922987 composite?
False
Is 37413163 prime?
False
Is 6808969 a composite number?
False
Is 1698519 a prime number?
False
Is 19000381 composite?
True
Is 1771045 prime?
False
Is 39666061 a composite number?
False
Is 159198749 a composite number?
False
Is 3023017 a prime number?
True
Is 71499763 prime?
True
Is 9070521 a composite number?
True
Is 6210917 composite?
True
Is 1967689 composite?
True
Is 53605901 a composite number?
True
Is 6921842 a composite number?
True
Is 761513 prime?
False
Is 132417853 a composite number?
False
Is 18791999 a composite number?
False
Is 62991809 composite?
False
Is 27934861 prime?
True
Is 1269559 prime?
True
Is 6935717 prime?
True
Is 11517509 composite?
True
Is 12787409 prime?
True
Is 329729 a composite number?
False
Is 20043151 a composite number?
False
Is 23282569 a prime number?
False
Is 25863973 a prime number?
False
Is 41463239 composite?
False
Is 1336639 composite?
True
Is 19074941 a composite number?
False
Is 3401765 a prime number?
False
Is 764809 a prime number?
True
Is 102755261 composite?
True
Is 69740449 composite?
True
Is 80592677 a prime number?
False
Is 4878121 a prime number?
True
Is 36754337 composite?
False
Is 8200897 a prime number?
False
Is 28698209 composite?
False
Is 405179 composite?
False
Is 19425827 prime?
True
Is 134024467 a prime number?
True
Is 109472577 a prime number?
False
Is 1300426 a composite number?
True
Is 226511423 a composite number?
False
Is 5513 a composite number?
True
Is 1742497 a composite number?
False
Is 34296073 a composite number?
True
Is 5242561 a composite number?
False
Is 40518029 composite?
True
Is 331449163 prime?
True
Is 10918189 a composite number?
False
Is 1082333 prime?
False
Is 238411 prime?
False
Is 1015754741 a composite number?
True
Is 3225349 composite?
False
Is 32674258 a prime